{"id":2288,"date":"2017-12-07T02:25:11","date_gmt":"2017-12-07T02:25:11","guid":{"rendered":"http:\/\/ninzio.com\/bauer\/?page_id=2288"},"modified":"2021-04-30T16:42:30","modified_gmt":"2021-04-30T13:42:30","slug":"urunler","status":"publish","type":"page","link":"https:\/\/erdogankardeslerplastik.com\/index.php\/urunler\/","title":{"rendered":"\u00dcr\u00fcnler"},"content":{"rendered":"<p>[vc_row fullwidth=&#8221;yes&#8221; css=&#8221;.vc_custom_1558852808417{background-position: center !important;background-repeat: no-repeat !important;background-size: cover !important;}&#8221;][vc_column]\r\n\t<div class=\"bauer-spacer clearfix\" data-desktop=\"94\" data-mobi=\"60\" data-smobi=\"60\"><\/div><div class=\"bauer-content-box clearfix \" data-padding=\"0px 15px 0px 15px\" data-mobipadding=\"0px 15px 0px 15px\" data-margin=\"\" data-mobimargin=\"\" >\r\n\t\t<div class=\"inner ctb-99232622\" style=\"\"  data-background=\"\">\r\n\t\t\t<div class=\"bauer-single-heading clearfix text-center\" style=\"margin-bottom:24px;\"><span class=\"inner\"><span class=\"heading clearfix \" style=\"font-weight:600;color:#777777;font-size:16px;\">\r\n\t\t\u00dcR\u00dcNLER\r\n\t<\/span><\/span><\/div><h2 class=\"bauer-text clearfix text-center\" style=\"font-size:42px;line-height:50px;margin-bottom:30px;max-width:730px;margin-left: auto; margin-right: auto;\"><p><span>Plastik ve Ambalaj \u00fcr\u00fcnlerimizi inceleyebilirsiniz.<\/span><\/p>\n<\/h2><div class=\"bauer-text clearfix text-center\" style=\"font-size:18px;line-height:30px;color:#414042;max-width:730px;margin-left: auto; margin-right: auto;\"><p><span>alep do\u011frultusunda 300cm\u2019den a\u00e7\u0131l\u0131r 600cm e kadar talep edilen \u00f6l\u00e7\u00fclerde polietilen naylon \u00fcretebilecek teknolojiye sahip makine parkurumuz ile \u00fcretim yapmaktay\u0131z.<\/span><\/p>\n<\/div>\r\n\t\t<\/div>\r\n\t<\/div>\r\n\t<div class=\"bauer-spacer clearfix\" data-desktop=\"70\" data-mobi=\"40\" data-smobi=\"40\"><\/div>[vc_row_inner css=&#8221;.vc_custom_1619790148976{padding-right: 20px !important;padding-left: 20px !important;}&#8221;][vc_column_inner]\r\n<div class=\"bauer-project-grid\" data-layout=\"masonry\" data-column=\"4\" data-column2=\"3\" data-column3=\"2\" data-column4=\"1\" data-gaph=\"30\" data-gapv=\"30\" data-filter=\"\">\r\n<div style=\"\">\r\n\r\n\t\r\n\t\t<div id=\"portfolio\" class=\"cbp\">\r\n\t\t    \r\n\t            <div class=\"cbp-item urunler \">\r\n\t\t\t\t\t<div class=\"project-box style-1\">\r\n\t\t\t\t\t\t<div class=\"inner\">\r\n\t\t\t\t\t\t\t<div class=\"project-image\"><div class=\"inner\"><div class=\"default\"><h2 class=\"project-title\"><a href=\"https:\/\/erdogankardeslerplastik.com\/index.php\/project\/aluminyum-sargilik-naylonu\/\">Al\u00fcminyum Sarg\u0131l\u0131k<br>\r\nNaylonu<br>\r\n<\/a><\/h2><div class=\"url-wrap\"><a href=\"https:\/\/erdogankardeslerplastik.com\/index.php\/project\/aluminyum-sargilik-naylonu\/\" class=\"bauer-links link-style-2 accent\" style=\"\"><span class=\"text\">\u0130ncele<\/span><\/a><\/div><\/div><img loading=\"lazy\" decoding=\"async\" width=\"419\" height=\"563\" src=\"https:\/\/erdogankardeslerplastik.com\/wp-content\/uploads\/2021\/04\/aluminyuim-sargilik-naylonu.jpg\" class=\"attachment-bauer-rectangle1 size-bauer-rectangle1 wp-post-image\" alt=\"\" srcset=\"https:\/\/erdogankardeslerplastik.com\/wp-content\/uploads\/2021\/04\/aluminyuim-sargilik-naylonu.jpg 419w, https:\/\/erdogankardeslerplastik.com\/wp-content\/uploads\/2021\/04\/aluminyuim-sargilik-naylonu-223x300.jpg 223w\" sizes=\"auto, (max-width: 419px) 100vw, 419px\" \/><div class=\"hover-info\"><h2 class=\"project-title\"><a href=\"https:\/\/erdogankardeslerplastik.com\/index.php\/project\/aluminyum-sargilik-naylonu\/\">Al\u00fcminyum Sarg\u0131l\u0131k<br>\r\nNaylonu<br>\r\n<\/a><\/h2><div class=\"project-desc\"><\/div><div class=\"url-wrap\"><a href=\"https:\/\/erdogankardeslerplastik.com\/index.php\/project\/aluminyum-sargilik-naylonu\/\" class=\"bauer-links link-style-2 accent\" style=\"\"><span class=\"text\">\u0130ncele<\/span><\/a><\/div><\/div><\/div><\/div>\t\t                <\/div>\r\n\t\t\t\t\t<\/div><!-- \/.project-box -->\r\n\t            <\/div><!-- \/.cbp-item -->\r\n\t\t\t\r\n\t            <div class=\"cbp-item urunler \">\r\n\t\t\t\t\t<div class=\"project-box style-1\">\r\n\t\t\t\t\t\t<div class=\"inner\">\r\n\t\t\t\t\t\t\t<div class=\"project-image\"><div class=\"inner\"><div class=\"default\"><h2 class=\"project-title\"><a href=\"https:\/\/erdogankardeslerplastik.com\/index.php\/project\/naylon-branda\/\">Naylon<br>\r\nBranda<br>\r\n<\/a><\/h2><div class=\"url-wrap\"><a href=\"https:\/\/erdogankardeslerplastik.com\/index.php\/project\/naylon-branda\/\" class=\"bauer-links link-style-2 accent\" style=\"\"><span class=\"text\">\u0130ncele<\/span><\/a><\/div><\/div><img loading=\"lazy\" decoding=\"async\" width=\"419\" height=\"563\" src=\"https:\/\/erdogankardeslerplastik.com\/wp-content\/uploads\/2021\/04\/naylon-branda.jpg\" class=\"attachment-bauer-rectangle1 size-bauer-rectangle1 wp-post-image\" alt=\"\" srcset=\"https:\/\/erdogankardeslerplastik.com\/wp-content\/uploads\/2021\/04\/naylon-branda.jpg 419w, https:\/\/erdogankardeslerplastik.com\/wp-content\/uploads\/2021\/04\/naylon-branda-223x300.jpg 223w\" sizes=\"auto, (max-width: 419px) 100vw, 419px\" \/><div class=\"hover-info\"><h2 class=\"project-title\"><a href=\"https:\/\/erdogankardeslerplastik.com\/index.php\/project\/naylon-branda\/\">Naylon<br>\r\nBranda<br>\r\n<\/a><\/h2><div class=\"project-desc\"><\/div><div class=\"url-wrap\"><a href=\"https:\/\/erdogankardeslerplastik.com\/index.php\/project\/naylon-branda\/\" class=\"bauer-links link-style-2 accent\" style=\"\"><span class=\"text\">\u0130ncele<\/span><\/a><\/div><\/div><\/div><\/div>\t\t                <\/div>\r\n\t\t\t\t\t<\/div><!-- \/.project-box -->\r\n\t            <\/div><!-- \/.cbp-item -->\r\n\t\t\t\r\n\t            <div class=\"cbp-item urunler \">\r\n\t\t\t\t\t<div class=\"project-box style-1\">\r\n\t\t\t\t\t\t<div class=\"inner\">\r\n\t\t\t\t\t\t\t<div class=\"project-image\"><div class=\"inner\"><div class=\"default\"><h2 class=\"project-title\"><a href=\"https:\/\/erdogankardeslerplastik.com\/index.php\/project\/betonalti-naylonu\/\">Betonalt\u0131<br>\r\nNaylonu<br>\r\n<\/a><\/h2><div class=\"url-wrap\"><a href=\"https:\/\/erdogankardeslerplastik.com\/index.php\/project\/betonalti-naylonu\/\" class=\"bauer-links link-style-2 accent\" style=\"\"><span class=\"text\">\u0130ncele<\/span><\/a><\/div><\/div><img loading=\"lazy\" decoding=\"async\" width=\"419\" height=\"563\" src=\"https:\/\/erdogankardeslerplastik.com\/wp-content\/uploads\/2021\/04\/beton-alti-naylonu.jpg\" class=\"attachment-bauer-rectangle1 size-bauer-rectangle1 wp-post-image\" alt=\"\" srcset=\"https:\/\/erdogankardeslerplastik.com\/wp-content\/uploads\/2021\/04\/beton-alti-naylonu.jpg 419w, https:\/\/erdogankardeslerplastik.com\/wp-content\/uploads\/2021\/04\/beton-alti-naylonu-223x300.jpg 223w\" sizes=\"auto, (max-width: 419px) 100vw, 419px\" \/><div class=\"hover-info\"><h2 class=\"project-title\"><a href=\"https:\/\/erdogankardeslerplastik.com\/index.php\/project\/betonalti-naylonu\/\">Betonalt\u0131<br>\r\nNaylonu<br>\r\n<\/a><\/h2><div class=\"project-desc\"><\/div><div class=\"url-wrap\"><a href=\"https:\/\/erdogankardeslerplastik.com\/index.php\/project\/betonalti-naylonu\/\" class=\"bauer-links link-style-2 accent\" style=\"\"><span class=\"text\">\u0130ncele<\/span><\/a><\/div><\/div><\/div><\/div>\t\t                <\/div>\r\n\t\t\t\t\t<\/div><!-- \/.project-box -->\r\n\t            <\/div><!-- \/.cbp-item -->\r\n\t\t\t\r\n\t            <div class=\"cbp-item urunler \">\r\n\t\t\t\t\t<div class=\"project-box style-1\">\r\n\t\t\t\t\t\t<div class=\"inner\">\r\n\t\t\t\t\t\t\t<div class=\"project-image\"><div class=\"inner\"><div class=\"default\"><h2 class=\"project-title\"><a href=\"https:\/\/erdogankardeslerplastik.com\/index.php\/project\/shirink-naylonu\/\">Shirink<br>\r\nNaylonu<br>\r\n<\/a><\/h2><div class=\"url-wrap\"><a href=\"https:\/\/erdogankardeslerplastik.com\/index.php\/project\/shirink-naylonu\/\" class=\"bauer-links link-style-2 accent\" style=\"\"><span class=\"text\">\u0130ncele<\/span><\/a><\/div><\/div><img loading=\"lazy\" decoding=\"async\" width=\"419\" height=\"563\" src=\"https:\/\/erdogankardeslerplastik.com\/wp-content\/uploads\/2021\/04\/shirink-naylon.jpg\" class=\"attachment-bauer-rectangle1 size-bauer-rectangle1 wp-post-image\" alt=\"\" srcset=\"https:\/\/erdogankardeslerplastik.com\/wp-content\/uploads\/2021\/04\/shirink-naylon.jpg 419w, https:\/\/erdogankardeslerplastik.com\/wp-content\/uploads\/2021\/04\/shirink-naylon-223x300.jpg 223w\" sizes=\"auto, (max-width: 419px) 100vw, 419px\" \/><div class=\"hover-info\"><h2 class=\"project-title\"><a href=\"https:\/\/erdogankardeslerplastik.com\/index.php\/project\/shirink-naylonu\/\">Shirink<br>\r\nNaylonu<br>\r\n<\/a><\/h2><div class=\"project-desc\"><\/div><div class=\"url-wrap\"><a href=\"https:\/\/erdogankardeslerplastik.com\/index.php\/project\/shirink-naylonu\/\" class=\"bauer-links link-style-2 accent\" style=\"\"><span class=\"text\">\u0130ncele<\/span><\/a><\/div><\/div><\/div><\/div>\t\t                <\/div>\r\n\t\t\t\t\t<\/div><!-- \/.project-box -->\r\n\t            <\/div><!-- \/.cbp-item -->\r\n\t\t\t\r\n\t            <div class=\"cbp-item urunler \">\r\n\t\t\t\t\t<div class=\"project-box style-1\">\r\n\t\t\t\t\t\t<div class=\"inner\">\r\n\t\t\t\t\t\t\t<div class=\"project-image\"><div class=\"inner\"><div class=\"default\"><h2 class=\"project-title\"><a href=\"https:\/\/erdogankardeslerplastik.com\/index.php\/project\/balonlu-naylon\/\">Balonlu<br>\r\nNaylon<br>\r\n<\/a><\/h2><div class=\"url-wrap\"><a href=\"https:\/\/erdogankardeslerplastik.com\/index.php\/project\/balonlu-naylon\/\" class=\"bauer-links link-style-2 accent\" style=\"\"><span class=\"text\">\u0130ncele<\/span><\/a><\/div><\/div><img loading=\"lazy\" decoding=\"async\" width=\"419\" height=\"563\" src=\"https:\/\/erdogankardeslerplastik.com\/wp-content\/uploads\/2021\/04\/balonlu-naylon.jpg\" class=\"attachment-bauer-rectangle1 size-bauer-rectangle1 wp-post-image\" alt=\"\" srcset=\"https:\/\/erdogankardeslerplastik.com\/wp-content\/uploads\/2021\/04\/balonlu-naylon.jpg 419w, https:\/\/erdogankardeslerplastik.com\/wp-content\/uploads\/2021\/04\/balonlu-naylon-223x300.jpg 223w\" sizes=\"auto, (max-width: 419px) 100vw, 419px\" \/><div class=\"hover-info\"><h2 class=\"project-title\"><a href=\"https:\/\/erdogankardeslerplastik.com\/index.php\/project\/balonlu-naylon\/\">Balonlu<br>\r\nNaylon<br>\r\n<\/a><\/h2><div class=\"project-desc\"><\/div><div class=\"url-wrap\"><a href=\"https:\/\/erdogankardeslerplastik.com\/index.php\/project\/balonlu-naylon\/\" class=\"bauer-links link-style-2 accent\" style=\"\"><span class=\"text\">\u0130ncele<\/span><\/a><\/div><\/div><\/div><\/div>\t\t                <\/div>\r\n\t\t\t\t\t<\/div><!-- \/.project-box -->\r\n\t            <\/div><!-- \/.cbp-item -->\r\n\t\t\t\r\n\t            <div class=\"cbp-item urunler \">\r\n\t\t\t\t\t<div class=\"project-box style-1\">\r\n\t\t\t\t\t\t<div class=\"inner\">\r\n\t\t\t\t\t\t\t<div class=\"project-image\"><div class=\"inner\"><div class=\"default\"><h2 class=\"project-title\"><a href=\"https:\/\/erdogankardeslerplastik.com\/index.php\/project\/strec-film\/\">STRE\u00c7  <br>\r\nF\u0130LM<br>\r\n<\/a><\/h2><div class=\"url-wrap\"><a href=\"https:\/\/erdogankardeslerplastik.com\/index.php\/project\/strec-film\/\" class=\"bauer-links link-style-2 accent\" style=\"\"><span class=\"text\">\u0130ncele<\/span><\/a><\/div><\/div><img loading=\"lazy\" decoding=\"async\" width=\"419\" height=\"563\" src=\"https:\/\/erdogankardeslerplastik.com\/wp-content\/uploads\/2019\/05\/strec.jpg\" class=\"attachment-bauer-rectangle1 size-bauer-rectangle1 wp-post-image\" alt=\"\" srcset=\"https:\/\/erdogankardeslerplastik.com\/wp-content\/uploads\/2019\/05\/strec.jpg 419w, https:\/\/erdogankardeslerplastik.com\/wp-content\/uploads\/2019\/05\/strec-223x300.jpg 223w\" sizes=\"auto, (max-width: 419px) 100vw, 419px\" \/><div class=\"hover-info\"><h2 class=\"project-title\"><a href=\"https:\/\/erdogankardeslerplastik.com\/index.php\/project\/strec-film\/\">STRE\u00c7  <br>\r\nF\u0130LM<br>\r\n<\/a><\/h2><div class=\"project-desc\"><\/div><div class=\"url-wrap\"><a href=\"https:\/\/erdogankardeslerplastik.com\/index.php\/project\/strec-film\/\" class=\"bauer-links link-style-2 accent\" style=\"\"><span class=\"text\">\u0130ncele<\/span><\/a><\/div><\/div><\/div><\/div>\t\t                <\/div>\r\n\t\t\t\t\t<\/div><!-- \/.project-box -->\r\n\t            <\/div><!-- \/.cbp-item -->\r\n\t\t\t\r\n\t            <div class=\"cbp-item urunler \">\r\n\t\t\t\t\t<div class=\"project-box style-1\">\r\n\t\t\t\t\t\t<div class=\"inner\">\r\n\t\t\t\t\t\t\t<div class=\"project-image\"><div class=\"inner\"><div class=\"default\"><h2 class=\"project-title\"><a href=\"https:\/\/erdogankardeslerplastik.com\/index.php\/project\/palet-ortusu\/\">Palet<br>\r\n\u00d6rt\u00fcs\u00fc<br>\r\n<\/a><\/h2><div class=\"url-wrap\"><a href=\"https:\/\/erdogankardeslerplastik.com\/index.php\/project\/palet-ortusu\/\" class=\"bauer-links link-style-2 accent\" style=\"\"><span class=\"text\">\u0130ncele<\/span><\/a><\/div><\/div><img loading=\"lazy\" decoding=\"async\" width=\"419\" height=\"563\" src=\"https:\/\/erdogankardeslerplastik.com\/wp-content\/uploads\/2019\/05\/palet-ortusu.jpg\" class=\"attachment-bauer-rectangle1 size-bauer-rectangle1 wp-post-image\" alt=\"\" srcset=\"https:\/\/erdogankardeslerplastik.com\/wp-content\/uploads\/2019\/05\/palet-ortusu.jpg 419w, https:\/\/erdogankardeslerplastik.com\/wp-content\/uploads\/2019\/05\/palet-ortusu-223x300.jpg 223w\" sizes=\"auto, (max-width: 419px) 100vw, 419px\" \/><div class=\"hover-info\"><h2 class=\"project-title\"><a href=\"https:\/\/erdogankardeslerplastik.com\/index.php\/project\/palet-ortusu\/\">Palet<br>\r\n\u00d6rt\u00fcs\u00fc<br>\r\n<\/a><\/h2><div class=\"project-desc\"><\/div><div class=\"url-wrap\"><a href=\"https:\/\/erdogankardeslerplastik.com\/index.php\/project\/palet-ortusu\/\" class=\"bauer-links link-style-2 accent\" style=\"\"><span class=\"text\">\u0130ncele<\/span><\/a><\/div><\/div><\/div><\/div>\t\t                <\/div>\r\n\t\t\t\t\t<\/div><!-- \/.project-box -->\r\n\t            <\/div><!-- \/.cbp-item -->\r\n\t\t\t\r\n\t            <div class=\"cbp-item urunler \">\r\n\t\t\t\t\t<div class=\"project-box style-1\">\r\n\t\t\t\t\t\t<div class=\"inner\">\r\n\t\t\t\t\t\t\t<div class=\"project-image\"><div class=\"inner\"><div class=\"default\"><h2 class=\"project-title\"><a href=\"https:\/\/erdogankardeslerplastik.com\/index.php\/project\/emniyet-bandi\/\">Emniyet<br>\r\nBand\u0131<br>\r\n<\/a><\/h2><div class=\"url-wrap\"><a href=\"https:\/\/erdogankardeslerplastik.com\/index.php\/project\/emniyet-bandi\/\" class=\"bauer-links link-style-2 accent\" style=\"\"><span class=\"text\">\u0130ncele<\/span><\/a><\/div><\/div><img loading=\"lazy\" decoding=\"async\" width=\"419\" height=\"563\" src=\"https:\/\/erdogankardeslerplastik.com\/wp-content\/uploads\/2019\/05\/emniyet-bandi.jpg\" class=\"attachment-bauer-rectangle1 size-bauer-rectangle1 wp-post-image\" alt=\"\" srcset=\"https:\/\/erdogankardeslerplastik.com\/wp-content\/uploads\/2019\/05\/emniyet-bandi.jpg 419w, https:\/\/erdogankardeslerplastik.com\/wp-content\/uploads\/2019\/05\/emniyet-bandi-223x300.jpg 223w\" sizes=\"auto, (max-width: 419px) 100vw, 419px\" \/><div class=\"hover-info\"><h2 class=\"project-title\"><a href=\"https:\/\/erdogankardeslerplastik.com\/index.php\/project\/emniyet-bandi\/\">Emniyet<br>\r\nBand\u0131<br>\r\n<\/a><\/h2><div class=\"project-desc\"><\/div><div class=\"url-wrap\"><a href=\"https:\/\/erdogankardeslerplastik.com\/index.php\/project\/emniyet-bandi\/\" class=\"bauer-links link-style-2 accent\" style=\"\"><span class=\"text\">\u0130ncele<\/span><\/a><\/div><\/div><\/div><\/div>\t\t                <\/div>\r\n\t\t\t\t\t<\/div><!-- \/.project-box -->\r\n\t            <\/div><!-- \/.cbp-item -->\r\n\t\t\t\r\n\t            <div class=\"cbp-item urunler \">\r\n\t\t\t\t\t<div class=\"project-box style-1\">\r\n\t\t\t\t\t\t<div class=\"inner\">\r\n\t\t\t\t\t\t\t<div class=\"project-image\"><div class=\"inner\"><div class=\"default\"><h2 class=\"project-title\"><a href=\"https:\/\/erdogankardeslerplastik.com\/index.php\/project\/cop-poseti\/\">\u00c7\u00f6p<br>\r\nPo\u015feti<br>\r\n<\/a><\/h2><div class=\"url-wrap\"><a href=\"https:\/\/erdogankardeslerplastik.com\/index.php\/project\/cop-poseti\/\" class=\"bauer-links link-style-2 accent\" style=\"\"><span class=\"text\">\u0130ncele<\/span><\/a><\/div><\/div><img loading=\"lazy\" decoding=\"async\" width=\"419\" height=\"563\" src=\"https:\/\/erdogankardeslerplastik.com\/wp-content\/uploads\/2019\/05\/Cop-poseti.jpg\" class=\"attachment-bauer-rectangle1 size-bauer-rectangle1 wp-post-image\" alt=\"\" srcset=\"https:\/\/erdogankardeslerplastik.com\/wp-content\/uploads\/2019\/05\/Cop-poseti.jpg 419w, https:\/\/erdogankardeslerplastik.com\/wp-content\/uploads\/2019\/05\/Cop-poseti-223x300.jpg 223w\" sizes=\"auto, (max-width: 419px) 100vw, 419px\" \/><div class=\"hover-info\"><h2 class=\"project-title\"><a href=\"https:\/\/erdogankardeslerplastik.com\/index.php\/project\/cop-poseti\/\">\u00c7\u00f6p<br>\r\nPo\u015feti<br>\r\n<\/a><\/h2><div class=\"project-desc\"><\/div><div class=\"url-wrap\"><a href=\"https:\/\/erdogankardeslerplastik.com\/index.php\/project\/cop-poseti\/\" class=\"bauer-links link-style-2 accent\" style=\"\"><span class=\"text\">\u0130ncele<\/span><\/a><\/div><\/div><\/div><\/div>\t\t                <\/div>\r\n\t\t\t\t\t<\/div><!-- \/.project-box -->\r\n\t            <\/div><!-- \/.cbp-item -->\r\n\t\t\t\r\n\t            <div class=\"cbp-item urunler \">\r\n\t\t\t\t\t<div class=\"project-box style-1\">\r\n\t\t\t\t\t\t<div class=\"inner\">\r\n\t\t\t\t\t\t\t<div class=\"project-image\"><div class=\"inner\"><div class=\"default\"><h2 class=\"project-title\"><a href=\"https:\/\/erdogankardeslerplastik.com\/index.php\/project\/naylon-torba\/\">Naylon<br>\r\nTorba<br>\r\n<\/a><\/h2><div class=\"url-wrap\"><a href=\"https:\/\/erdogankardeslerplastik.com\/index.php\/project\/naylon-torba\/\" class=\"bauer-links link-style-2 accent\" style=\"\"><span class=\"text\">\u0130ncele<\/span><\/a><\/div><\/div><img loading=\"lazy\" decoding=\"async\" width=\"419\" height=\"563\" src=\"https:\/\/erdogankardeslerplastik.com\/wp-content\/uploads\/2019\/05\/naylon-torba.jpg\" class=\"attachment-bauer-rectangle1 size-bauer-rectangle1 wp-post-image\" alt=\"\" srcset=\"https:\/\/erdogankardeslerplastik.com\/wp-content\/uploads\/2019\/05\/naylon-torba.jpg 419w, https:\/\/erdogankardeslerplastik.com\/wp-content\/uploads\/2019\/05\/naylon-torba-223x300.jpg 223w\" sizes=\"auto, (max-width: 419px) 100vw, 419px\" \/><div class=\"hover-info\"><h2 class=\"project-title\"><a href=\"https:\/\/erdogankardeslerplastik.com\/index.php\/project\/naylon-torba\/\">Naylon<br>\r\nTorba<br>\r\n<\/a><\/h2><div class=\"project-desc\"><\/div><div class=\"url-wrap\"><a href=\"https:\/\/erdogankardeslerplastik.com\/index.php\/project\/naylon-torba\/\" class=\"bauer-links link-style-2 accent\" style=\"\"><span class=\"text\">\u0130ncele<\/span><\/a><\/div><\/div><\/div><\/div>\t\t                <\/div>\r\n\t\t\t\t\t<\/div><!-- \/.project-box -->\r\n\t            <\/div><!-- \/.cbp-item -->\r\n\t\t\t\t\t<\/div><!-- \/#portfolio -->\r\n\r\n\t\t\t\r\n\t\r\n<\/div>\r\n<\/div><!-- \/.bauer-project -->\r\n\r\n[\/vc_column_inner][\/vc_row_inner][\/vc_column][\/vc_row][vc_row css=&#8221;.vc_custom_1619785317261{background-color: #ffffff !important;background-position: center !important;background-repeat: no-repeat !important;background-size: cover !important;}&#8221;][vc_column]\r\n\t<div class=\"bauer-spacer clearfix\" data-desktop=\"94\" data-mobi=\"60\" data-smobi=\"60\"><\/div>\r\n\t<div class=\"bauer-spacer clearfix\" data-desktop=\"70\" data-mobi=\"50\" data-smobi=\"50\"><\/div>\r\n\t<div class=\"bauer-spacer clearfix\" data-desktop=\"100\" data-mobi=\"60\" data-smobi=\"60\"><\/div>[\/vc_column][\/vc_row]<\/p>\n","protected":false},"excerpt":{"rendered":"<p>[vc_row fullwidth=&#8221;yes&#8221; css=&#8221;.vc_custom_1558852808417{background-position: center !important;background-repeat: no-repeat !important;background-size: cover !important;}&#8221;][vc_column][vc_row_inner css=&#8221;.vc_custom_1619790148976{padding-right: 20px !important;padding-left: 20px !important;}&#8221;][vc_column_inner][\/vc_column_inner][\/vc_row_inner][\/vc_column][\/vc_row][vc_row css=&#8221;.vc_custom_1619785317261{background-color: #ffffff !important;background-position: center !important;background-repeat: no-repeat !important;background-size: cover !important;}&#8221;][vc_column][\/vc_column][\/vc_row]<\/p>\n","protected":false},"author":1,"featured_media":0,"parent":0,"menu_order":0,"comment_status":"closed","ping_status":"closed","template":"","meta":{"footnotes":""},"class_list":["post-2288","page","type-page","status-publish","hentry"],"_links":{"self":[{"href":"https:\/\/erdogankardeslerplastik.com\/index.php\/wp-json\/wp\/v2\/pages\/2288","targetHints":{"allow":["GET"]}}],"collection":[{"href":"https:\/\/erdogankardeslerplastik.com\/index.php\/wp-json\/wp\/v2\/pages"}],"about":[{"href":"https:\/\/erdogankardeslerplastik.com\/index.php\/wp-json\/wp\/v2\/types\/page"}],"author":[{"embeddable":true,"href":"https:\/\/erdogankardeslerplastik.com\/index.php\/wp-json\/wp\/v2\/users\/1"}],"replies":[{"embeddable":true,"href":"https:\/\/erdogankardeslerplastik.com\/index.php\/wp-json\/wp\/v2\/comments?post=2288"}],"version-history":[{"count":11,"href":"https:\/\/erdogankardeslerplastik.com\/index.php\/wp-json\/wp\/v2\/pages\/2288\/revisions"}],"predecessor-version":[{"id":9548,"href":"https:\/\/erdogankardeslerplastik.com\/index.php\/wp-json\/wp\/v2\/pages\/2288\/revisions\/9548"}],"wp:attachment":[{"href":"https:\/\/erdogankardeslerplastik.com\/index.php\/wp-json\/wp\/v2\/media?parent=2288"}],"curies":[{"name":"wp","href":"https:\/\/api.w.org\/{rel}","templated":true}]}}